*3/3 - 12*w**2. Let x(l) = k*j(l) + 2*s(l). What is x(2)?
4
Let o(w) = w**2 + 5*w + 5. Suppose 27*s - 19*s = -40. Calculate o(s).
5
Let c(j) = -j**3 - 8*j**2 - 5*j + 10. Let v(f) = 10*f**2 - f + 3. Let g be v(2). Let d = 34 - g. Give c(d).
-4
Let a = 463 - 457. Let v(n) = 2*n + 13. Calculate v(a).
25
Let i = 5 + -3. Let l = -60 + 66. Let y(m) = 3*m**i + l*m - 4*m**2 - 7 + m**2 + m**2. What is y(-5)?
-12
Let x(n) = -n**2. Let i be -2 + -1 - 0 - -2. Let g be (-1 + 2)*(i - -1). What is x(g)?
0
Let c(u) = -3*u**2 - 2*u - 1. Let q be c(-1). Let o(k) = -k**2 + 1 - k**2 + 7*k**2 - 2*k - 6*k**2. Calculate o(q).
1
Let n(k) = -k**3 - 6*k**2 - 9*k - 6. Let r be n(-4). Let x(a) = -5*a - 3*a - 1 + 3 + 3*a**2 + 7*a. What is x(r)?
16
Suppose 4*w + 5*d = 18, -d - 2*d = 5*w - 29. Let n(z) = 3*z**3 - 8*z**2 + 5*z + 12. Let g(a) = a**3 - a + 2. Let p(m) = -2*g(m) + n(m). Determine p(w).
8
Let d(l) = l + 6. Let v(i) = -i**3 + 7*i**2 - 13. Let r be v(7). Determine d(r).
-7
Let z(h) = h**3 - 2*h**2 + 8*h + 6. Let m(i) = i**2 + i - i - i. Let f(y) = 6*m(y) + z(y). Suppose 7*x + 107 - 43 = -9*x. What is f(x)?
-2
Let s(z) = -z**3 + 10*z**2 - z + 13. Let m be s(10). Let h(r) = 4 - 10 + m - 3*r + 2. Determine h(4).
-13
Let x(l) = l**2 + 5*l - 7. Let b = -51 + 37. Let g = b + 8. Give x(g).
-1
Suppose 0 = 5*f - 91 - 14. Let t be ((-14)/f)/(1/(-3)). Suppose -5*n + 4*n - t = 0. Let p(m) = m**2 + 4*m + 3. What is p(n)?
-1
Suppose -5*s + 4*z - 6 = 20, 0 = -2*s + 2*z - 10. Let r be ((-5 - -2) + (-12)/(-3))*s. Let p(w) = w**2 + 6*w - 1. Determine p(r).
-1
Suppose 37*j - 14*j = 46. Let h(z) = -z + 2. Give h(j).
0
Let i(m) be the second derivative of -m**4/12 - 11*m**3/6 - 3*m**2/2 - 349*m. Determine i(-11).
-3
Let v = -6 - -48. Let d(p) = -p**3 + 0*p**3 - v*p - p**2 + 42*p. Determine d(0).
0
Let x(p) = p**2 - 2*p. Suppose -g + 24 = 3*g. Let q(v) = v**3 - 6*v**2. Let m be q(g). Suppose 2 = w - m. What is x(w)?
0
Suppose 18*g + 20 = 5*q + 13*g, -q + 4*g - 5 = 0. Let j(k) be the second derivative of 0 - 3/2*k**3 - q*k - 1/20*k**5 + 7/12*k**4 + 3*k**2. What is j(6)?
-12
Let l(c) = -2*c**2 + 19*c - 38. Let f be l(6). Let w(m) = -m - 8 + 4 + 3*m. Give w(f).
4
Let t(b) = -14*b - 8. Let g(w) = -5*w - 3. Let k(u) = 8*g(u) - 3*t(u). Suppose -5*o - 3 = -3*x, -2*x + 10 = -2*o + 12. Give k(x).
-8
Let z(f) = -9*f**2 - 21*f + 53. Let d(j) = -5*j**2 - 11*j + 28. Let x(p) = -7*d(p) + 4*z(p). Give x(-8).
8
Let d(v) = -v**2 + 11. Let z(q) = q**2 - 4*q - 15. Let c be z(7). Let i(w) = -1. Let g(b) = c*i(b) - d(b). What is g(0)?
-17
Let q be ((-330)/(-12))/(-11)*(-18)/(-5). Let h(l) = l**2 + 9*l. What is h(q)?
0
Let q = -30 - -26. Let k = q - -14. Suppose -4*b - 3*s - s = -16, -s = -5*b - k. Let f(u) = u - 1. Calculate f(b).
-2
Let a(n) be the second derivative of n**3/2 + 2*n**2 - n. Let h = 78 + -72. Suppose h = 7*o + 27. Determine a(o).
-5
Let v(f) = f**2 + 9*f + 7. Suppose 4*a + 39 = w, -5*a + 0 = 25. Let x = 21 + w. Let b be 32/x*(-15)/2. What is v(b)?
-11
Let d(v) be the second derivative of -v**4/6 - 7*v**3/3 + 3*v**2/2 - 2*v + 239. Determine d(-7).
3
Let y(m) be the first derivative of m**4/4 + 2*m**3 + 3*m + 69. Let w(c) = -c - 1. Let s be w(5). Calculate y(s).
3
Let m be (-10)/(-6) - 783/81. Let h(b) = -b**3 - 10*b**2 - 14*b + 15. Give h(m).
-1
Let o(i) = -i**3 - 4*i**2 + 6*i - 2. Suppose 50 = -k + 45. What is o(k)?
-7
Let f(g) be the third derivative of -g**5/60 + 5*g**4/24 + 3*g**3/2 - 9*g**2 + 1. Give f(7).
-5
Let i = 5 - 5. Let k = i + 1. Let c(t) be the second derivative of -t**3/2 - 39*t + 1. What is c(k)?
-3
Let v(r) = 3*r**3 - 6*r**2 - 9*r. Let m(o) = o**3 - o. Let x(n) = 2*m(n) - v(n). What is x(7)?
0
Let g(n) be the second derivative of -n**5/2 - n**3/6 - 2*n. Suppose -v + 5*y - 5 = 11, 160 = -5*v + 5*y. Let j = v - -35. What is g(j)?
11
Let c(f) = 14*f**2 - 2*f + 3. Let g(m) = 2*m**2 + 7 - 13 + 7 - m - m**2. Let h(u) = -c(u) + 4*g(u). Let p(b) = -b + 4. Let z be p(3). Give h(z).
-11
Let v(u) = u**2 + 5*u - 5. Suppose 0 = 2*p - 4*n - 22, 5*p = -0*p - 4*n - 1. Let d be 0/(p/3) - 63/9. Determine v(d).
9
Suppose -13*c + 96 = 3*c. Let p(r) = r**3 - 7*r**2 + 6*r + 6. Give p(c).
6
Let u(r) = r**3 + 5*r**2 + 5*r + 3. Suppose -2*s + 43 = -9. Suppose 3*w - 5*m - s + 108 = 0, -3*w = m + 52. Let l = w - -15. Determine u(l).
-1
Suppose 2*r = -r - 3*u + 36, -3*r - u = -34. Let y(c) = -29 + 13 + c + 4 + r. Suppose 4*p - 24 = -4. What is y(p)?
4
Let a = -4 + 1. Let b be (-4)/((20/6)/5). Let n(o) = -7*o**2 + 9*o + 2. Let g(r) = -8*r**2 + 10*r + 2. Let d(t) = b*g(t) + 7*n(t). Determine d(a).
-16
Let s(j) = 1 - 20*j + 0 + 16*j. Calculate s(3).
-11
Let p(r) = r - 9. Let s be p(14). Let v be s/(-4) - (-138)/(-24). Let w(g) = -2*g - 8. Determine w(v).
6
Let v(h) = -h**3 - 4*h**2 - 2*h - 1. Let q be (-1)/(0 + (2 - 10/6)). Calculate v(q).
-4
Suppose -2*q = -5*a - 0*a + 45, 3*a - 27 = q. Let w = 17 - a. Let g(i) = 2*i - 9*i + 11 + 6*i. What is g(w)?
3
Suppose -4*p = -4*i + i + 11, 5*i - 2*p = -5. Let r(h) = 17*h**3 - 39*h**3 - 3*h - 4 + 21*h**3 - 3*h**2. Give r(i).
5
Let v(t) = -38*t**2 + 8*t - 13. Let q(x) = 38*x**2 - 7*x + 11. Let y(g) = -6*q(g) - 5*v(g). Give y(1).
-37
Let x(n) = -n**2 - 23*n - 41. Let b be x(-21). Let q(o) = 7*o**2 + 2*o - 1. Give q(b).
8
Let q(m) = -5*m**3 + m**2 - 4. Suppose 5*p = 4*x + 57, p = 2*p - x - 11. Let i(k) = 11*k**3 - k**2 + 8. Let v(g) = p*q(g) + 6*i(g). Give v(-7).
-4
Let m(i) = i**2 - 6*i - 4. Suppose 3*d - 5*v - 5 = 0, -4*d = d - 2*v - 21. Determine m(d).
-9
Let j(o) = -o**2 - 9*o - 8. Let x = -88 + 71. Let g = 10 + x. Determine j(g).
6
Let k(p) = -p**3 - 3*p**2 - 3*p. Let x(m) = m**2 + 9*m - 2. Suppose -4*y - 5*g = 61, 5*y + g = -g - 55. Let f be x(y). What is k(f)?
2
Let f(g) = 5*g - 1. Let q be (-4)/(-12) + (-4)/24*-10. Suppose -27 = 2*m - 5*n, 9 - 1 = 2*m + q*n. Determine f(m).
-6
Let f(i) = -2*i**2 + 2*i - 7. Let g(u) = -u. Let r be (-27)/(-18)*2/3. Let j(y) = r*f(y) + 4*g(y). Let k(l) be the first derivative of j(l). Calculate k(2).
-10
Suppose -6*a + 20 = -4*a. Let o = -11 + a. Let n(q) = 8*q**3 - 2*q**2 + 1. Determine n(o).
-9
Let i(a) be the third derivative of -a**6/120 + a**5/12 + a**4/12 - a**3/3 + 4*a**2. Suppose -c - 5*c + 30 = 0. What is i(c)?
8
Let b(h) be the first derivative of h**7/840 + h**6/60 + h**5/60 - 7*h**4/24 + 5*h**3/3 + 24. Let n(d) be the third derivative of b(d). Determine n(-5).
8
Let o(v) = -3*v**2 + 3*v**2 + v**2 - 138*v**3 + 119*v**3 - 1. Calculate o(-1).
19
Let s(o) = -o**2 + 5*o + 1. Let x be (-2)/(24/(-57)) + (-3)/(-12). Give s(x).
1
Let k be 14 - 0 - (3 - 1). Suppose 0 = -f - 3*f - k. Let t(z) be the first derivative of z**4/4 + z**3 + z**2/2 + 3*z + 562. What is t(f)?
0
Let p(c) = -c**3 - 6*c**2 - 4*c + 12. Let j be p(-5). Let g(d) = 5*d - 30. Let x be g(j). Let r(k) = -k**3 + 5*k**2 - 2*k - 1. What is r(x)?
-11
Let d = -1 + 5. Let b(u) = -6*u - 2. Let i(h) = 5*h + 3. Suppose 13*c - 96 = -19*c. Let o(f) = c*i(f) + d*b(f). What is o(1)?
-8
Let b(w) = w**2 + 7*w + 9. Let z(o) = -o**3 + 4*o**2 - o - 13. Let i be z(3). Give b(i).
9
Let z be (0 - 1)*(-9 - -4). Suppose -4 = -0*d - 2*d. Let b(j) = -2*j**2 - 3*j**2 - 10 + 15 - d*j + j**3. Calculate b(z).
-5
Let f(o) = -792 + 265 + 12*o + 265 + 260. What is f(-1)?
-14
Let y be ((-6)/(-4))/((-129)/30 + 4). Let n(q) = 0*q - 3 - q + 1. Calculate n(y).
3
Suppose -8 = -2*i - 3*l, 5*i - 4*i + 2 = -3*l. Let r be (-25)/10*(-8)/i. Let z(g) be the third derivative of -g**5/20 + g**4/8 - 43*g**2. Determine z(r).
-6
Let j = 17 - 16. Let v be (-4 - -3)/(j/(-11)). Let q(p) = -13*p + p**3 + 1 - 2*p**2 + v*p - 2. Give q(-1).
-2
Let n(u) = u**2 + 6*u. Let g(q) = -6*q + 23. Let z be g(5). Calculate n(z).
7
Suppose 17*l + 52 = 103. Let j(k) be the first derivative of 3 + 1/3*k**l + 1/2*k**2 - 2*k. Determine j(-2).
0
Suppose 9*j - 5*m + 10 = 14*j, -2*j + 4*m = 14. Let p(s) = -s**2 + 6*s - 3. Let w be p(5). Let n(b) = 0*b + b**w + 3*b + 1 - 5*b**3 - b. Determine n(j).
5
Let f(u) = 9361*u - 9361*u - 17*u**3 + 2*u**3. Calculate f(1).
-15
Suppose -4*z = -3*z + 4. Let r = 8 + z. Let a(i) = -9*i**3 - 3*i + 2*i**2 - 18*i**3 - 5*i**2 + 1 + 28*i**3. Calculate a(r).
5
Let h(m) be the third derivative of m**4/12 - m**3/2 + m**2. Let f = 13 + -9. Determine h(f).
5
Let m(k) = 10*k**2 + 4 + k - 14*k**2 + k - k**3. 